{"id":1152,"date":"2020-06-26T15:54:44","date_gmt":"2020-06-26T13:54:44","guid":{"rendered":"https:\/\/seeberg-garage.ch\/prestations-de-service\/"},"modified":"2024-09-11T07:45:44","modified_gmt":"2024-09-11T05:45:44","slug":"prestations-de-service","status":"publish","type":"page","link":"https:\/\/seeberg-garage.ch\/fr\/prestations-de-service\/","title":{"rendered":"Prestations de service"},"content":{"rendered":"\n\n\t<h1>Prestations de service<\/h1>\n<p>L&rsquo;individualit\u00e9 et la flexibilit\u00e9 sont nos avantages en tant que petite entreprise sp\u00e9cialis\u00e9e. Nous prenons notre temps pour vous dans tous les domaines.<\/p>\n<p>B\u00e9n\u00e9ficiez de notre large gamme de services et de notre exp\u00e9rience !<\/p>\n\t\t\t\t\t\t<h2>Entretien \/ R\u00e9paration<\/h2>\n\t\t\t<p>Nous effectuons l&rsquo;entretien sur les v\u00e9hicules Subaru, Mitsubishi, Honda, Nissan, Toyota et Mazda et, sur demande, \u00e9galement sur d&rsquo;autres marques.<\/p>\n<p>Nous vous facturons un tarif horaire sportif de CHF 129.- pour nos travaux d&rsquo;entretien et de r\u00e9paration effectu\u00e9s de mani\u00e8re professionnelle.<\/p>\n<p>Les freins de votre v\u00e9hicule doivent \u00eatre remplac\u00e9s ou la courroie de distribution doit bient\u00f4t arriver ?<\/p>\n<p><strong>Pour vous donner une id\u00e9e approximative des co\u00fbts, vous trouverez ici\u00a0<a href=\"https:\/\/seeberg-garage.ch\/wp-content\/uploads\/2022\/08\/richtpreise_wartungen_seeberg-garage_FR_2205-3.pdf\" target=\"_blank\" rel=\"noopener\">nos prix conseill\u00e9s sans engagement<\/a> (PDF) pour les v\u00e9hicules japonais.<\/strong><\/p>\n<p>*Cette information concerne les dimensions d&rsquo;usine et diff\u00e8re selon la marque et le mod\u00e8le et le choix des pi\u00e8ces de rechange. Ce ne sont que des prix indicatifs sans garantie. Tous les prix hors T.V.A.<\/p>\n<p><img loading=\"lazy\" decoding=\"async\" src=\"https:\/\/seeberg-garage.ch\/wp-content\/uploads\/2020\/07\/seeberg-garage-7.jpg\" alt=\"\" width=\"660\" height=\"440\" \/><\/p>\n<p><img loading=\"lazy\" decoding=\"async\" src=\"https:\/\/seeberg-garage.ch\/wp-content\/uploads\/2020\/07\/seeberg-garage-6.jpg\" alt=\"\" width=\"660\" height=\"440\" \/><\/p>\n\t\t\t\t\t\t<h2>Transport (livraison \/ remorquage)<\/h2>\n\t\t\t<p>Vous avez achet\u00e9 une voiture \u00e0 Berne et vous devez la transporter \u00e0 Lausanne ? Nous nous chargeons volontiers de la livraison ou de la r\u00e9cup\u00e9ration de votre v\u00e9hicule \u00e0 l&rsquo;aide d&rsquo;une remorque.<\/p>\n<p>Nous facturons un forfait de CHF 2.00\/km (trajets, livraison et retour \u00e0 partir de 3365 Seeberg hors TVA)<\/p>\n<p><a href=\"https:\/\/seeberg-garage.ch\/fr\/prestations-de-service\/demande-de-transport\/\">Pour faire une demande, veuillez remplir <strong>le formulaire appropri\u00e9<\/strong> .<\/a><\/p>\n<p><img loading=\"lazy\" decoding=\"async\" src=\"https:\/\/seeberg-garage.ch\/wp-content\/uploads\/2020\/07\/seeberg-garage-9.jpg\" alt=\"\" width=\"660\" height=\"440\" \/><\/p>\n<p><img loading=\"lazy\" decoding=\"async\" src=\"https:\/\/seeberg-garage.ch\/wp-content\/uploads\/2020\/07\/seeberg-garage-11.jpg\" alt=\"\" width=\"660\" height=\"440\" \/><\/p>\n\t\t\t\t\t\t<h2>Voitures de remplacement et de location<\/h2>\n\t\t\t<p>Si vous n&rsquo;avez pas de voiture \u00e0 votre disposition le temps de l&rsquo;entretien de votre v\u00e9hicule, ou si vous avez simplement besoin d&rsquo;une voiture pendant quelques jours pour combler l&rsquo;\u00e9cart, nous nous ferons un plaisir de mettre \u00e0 votre disposition notre petite \u00ab Honda Jazz \u00bb de remplacement et de location. voiture, que nous vous facturerons forfaitairement CHF 40.- \/ jour (hors TVA, hors carburant). Les kilom\u00e8tres quotidiens sont gratuits ! <br \/>Notre voiture de remplacement maniable peut \u00e9galement \u00eatre lou\u00e9e pour de plus longues p\u00e9riodes. N&rsquo;h\u00e9sitez pas \u00e0 nous <a href=\"https:\/\/seeberg-garage.ch\/fr\/contact\/\">demander<\/a> \u00e0 ce sujet.<\/p>\n<p><img loading=\"lazy\" decoding=\"async\" src=\"https:\/\/seeberg-garage.ch\/wp-content\/uploads\/2020\/10\/ersatzwagen_photoshop.jpg\" alt=\"\" width=\"660\" height=\"429\" \/><\/p>\n\t\t\t\t\t\t<h2>Inspection des v\u00e9hicules du SAN<\/h2>\n\t\t\t<p>Toutes les voitures immatricul\u00e9es avec des plaques d&rsquo;immatriculation en Suisse sont soumises \u00e0 des contr\u00f4les techniques p\u00e9riodiques officiels du SAN (MFK). L&rsquo;autorit\u00e9 comp\u00e9tente en mati\u00e8re d&rsquo;agr\u00e9ment demande aux propri\u00e9taires une nouvelle inspection une premi\u00e8re fois au bout de 5 ans apr\u00e8s la premi\u00e8re mise sur le march\u00e9, puis au bout de 3 ans puis tous les 2 ans.<\/p>\n<p>Pour nous assurer que votre v\u00e9hicule passe sans encombre le contr\u00f4le technique, nous nous ferons un plaisir de v\u00e9rifier si votre v\u00e9hicule pr\u00e9sente des d\u00e9fauts pertinents pour le MFK, d&rsquo;effectuer tous les travaux de r\u00e9paration n\u00e9cessaires, de montrer votre v\u00e9hicule au bureau de la circulation routi\u00e8re et, apr\u00e8s avoir r\u00e9ussi le test , pr\u00e9parez votre v\u00e9hicule pour la collecte apr\u00e8s l&rsquo;avoir nettoy\u00e9.<\/p>\n<p><img loading=\"lazy\" decoding=\"async\" src=\"https:\/\/seeberg-garage.ch\/wp-content\/uploads\/2020\/07\/dienstleistung_mfk.jpg\" alt=\"\" width=\"660\" height=\"436\" \/><\/p>\n\t\t\t\t\t\t<h2>Changement de pneu<\/h2>\n\t\t\t<p>Les pneus sont le seul contact de votre v\u00e9hicule avec la route. Surtout avec les voitures de sport japonaises hautes performances, il est important de porter une attention particuli\u00e8re aux pneus.<\/p>\n<p>Il est recommand\u00e9 de rouler avec des pneus hiver de novembre \u00e0 fin mars. Changez les pneus hiver d\u00e8s que la profondeur de la bande de roulement est de 3,5 mm. Un pneu d&rsquo;hiver us\u00e9 ne collera pas sur les routes mouill\u00e9es ou enneig\u00e9es.<\/p>\n<p>Rendez-nous visite en automne ou au printemps pour changer vos pneus saisonniers. Nous en profitons \u00e9galement pour v\u00e9rifier rapidement l&rsquo;\u00e2ge et le profil de vos pneus.<\/p>\n<p><img loading=\"lazy\" decoding=\"async\" src=\"https:\/\/seeberg-garage.ch\/wp-content\/uploads\/2020\/07\/dienstleistung_reifenwechsel3.jpg\" alt=\"\" width=\"660\" height=\"835\" \/><\/p>\n\t\t\t\t\t\t<h2>Teinte des vitres<\/h2>\n\t\t\t<p>Les vitres teint\u00e9es offrent non seulement une valeur ajout\u00e9e esth\u00e9tique, mais am\u00e9liorent \u00e9galement consid\u00e9rablement le climat dans le v\u00e9hicule. D\u00e9terminez le degr\u00e9 de teinte et <a href=\"https:\/\/seeberg-garage.ch\/fr\/contact\/\">demandez-nous<\/a> !<\/p>\n<p><img loading=\"lazy\" decoding=\"async\" src=\"https:\/\/seeberg-garage.ch\/wp-content\/uploads\/2020\/07\/dienstleistung_scheiben-toenen.jpg\" alt=\"\" width=\"660\" height=\"378\" \/><\/p>\n<p><img loading=\"lazy\" decoding=\"async\" src=\"https:\/\/seeberg-garage.ch\/wp-content\/uploads\/2020\/07\/dienstleistung_fahrzeugaufbereitung.jpg\" alt=\"\" width=\"660\" height=\"348\" \/><\/p>\n\t\t\t\t\t\t<h2>Pare-brise<\/h2>\n\t\t\t<p>C&rsquo;est arriv\u00e9 rapidement, mais ne le laissez pas vous d\u00e9router. Nous nous occupons du remplacement de votre pare-brise et g\u00e9rons tout le n\u00e9cessaire directement avec votre compagnie d&rsquo;assurance.<\/p>\n\t\t\t\t\t\t<h2>Nettoyage du v\u00e9hicule<\/h2>\n\t\t\t<p>Votre v\u00e9hicule a besoin d&rsquo;un nettoyage complet ? Nous vous aiderons ici aussi.<\/p>\n<p>Consultez notre\u00a0<strong><a href=\"https:\/\/seeberg-garage.ch\/wp-content\/uploads\/2022\/08\/Preisliste-Fahrzeugaufbereitung_FR_2205.pdf\" target=\"_blank\" rel=\"noopener\">tarif de nettoyage du v\u00e9hicule<\/a><\/strong> (PDF) et choisissez votre forfait de soins pour votre v\u00e9hicule ! Du lavage et d\u00e9min\u00e9ralisation de la carrosserie du v\u00e9hicule au polissage d&rsquo;entretien complet, nous prenons en charge toutes les \u00e9tapes de nettoyage et d&rsquo;entretien de votre v\u00e9hicule.<\/p>\n<p><img loading=\"lazy\" decoding=\"async\" src=\"https:\/\/seeberg-garage.ch\/wp-content\/uploads\/2020\/07\/dienstleistung_aufbereitung_nissan-skyline.jpg\" alt=\"\" width=\"660\" height=\"439\" \/><\/p>\n\t\t\t\t\t\t<h2>Augmentation de la puissance \/ Tuning<\/h2>\n\t\t\t<p>Avez-vous d&rsquo;autres souhaits, id\u00e9es ou id\u00e9es? <a href=\"https:\/\/seeberg-garage.ch\/fr\/contact\/\">Demandez-nous.<\/a> Peut-\u00eatre que votre souhait ou votre id\u00e9e deviendra bient\u00f4t r\u00e9alit\u00e9.<\/p>\n<p><img loading=\"lazy\" decoding=\"async\" src=\"https:\/\/seeberg-garage.ch\/wp-content\/uploads\/2020\/07\/tuning2.jpg\" alt=\"\" width=\"660\" height=\"441\" \/><\/p>\n<p><img loading=\"lazy\" decoding=\"async\" src=\"https:\/\/seeberg-garage.ch\/wp-content\/uploads\/2020\/07\/tuning1.jpg\" alt=\"\" width=\"660\" height=\"463\" \/><\/p>\n\n","protected":false},"excerpt":{"rendered":"<p>Prestations de service L&rsquo;individualit\u00e9 et la flexibilit\u00e9 sont nos avantages en tant que petite entreprise sp\u00e9cialis\u00e9e. Nous prenons notre temps pour vous dans tous les domaines. B\u00e9n\u00e9ficiez de notre large gamme de services et de notre exp\u00e9rience ! Entretien \/ R\u00e9paration Nous effectuons l&rsquo;entretien sur les v\u00e9hicules Subaru, Mitsubishi, Honda, Nissan, Toyota et Mazda et,&hellip;<\/p>\n","protected":false},"author":1,"featured_media":0,"parent":0,"menu_order":0,"comment_status":"closed","ping_status":"closed","template":"","meta":{"footnotes":""},"class_list":["post-1152","page","type-page","status-publish","hentry"],"_links":{"self":[{"href":"https:\/\/seeberg-garage.ch\/fr\/wp-json\/wp\/v2\/pages\/1152","targetHints":{"allow":["GET"]}}],"collection":[{"href":"https:\/\/seeberg-garage.ch\/fr\/wp-json\/wp\/v2\/pages"}],"about":[{"href":"https:\/\/seeberg-garage.ch\/fr\/wp-json\/wp\/v2\/types\/page"}],"author":[{"embeddable":true,"href":"https:\/\/seeberg-garage.ch\/fr\/wp-json\/wp\/v2\/users\/1"}],"replies":[{"embeddable":true,"href":"https:\/\/seeberg-garage.ch\/fr\/wp-json\/wp\/v2\/comments?post=1152"}],"version-history":[{"count":12,"href":"https:\/\/seeberg-garage.ch\/fr\/wp-json\/wp\/v2\/pages\/1152\/revisions"}],"predecessor-version":[{"id":1801,"href":"https:\/\/seeberg-garage.ch\/fr\/wp-json\/wp\/v2\/pages\/1152\/revisions\/1801"}],"wp:attachment":[{"href":"https:\/\/seeberg-garage.ch\/fr\/wp-json\/wp\/v2\/media?parent=1152"}],"curies":[{"name":"wp","href":"https:\/\/api.w.org\/{rel}","templated":true}]}}

<h1>Prestations de service</h1>
<p>L&rsquo;individualité et la flexibilité sont nos avantages en tant que petite entreprise spécialisée. Nous prenons notre temps pour vous dans tous les domaines.</p>
<p>Bénéficiez de notre large gamme de services et de notre expérience !</p>
						<h2>Entretien / Réparation</h2>
			<p>Nous effectuons l&rsquo;entretien sur les véhicules Subaru, Mitsubishi, Honda, Nissan, Toyota et Mazda et, sur demande, également sur d&rsquo;autres marques.</p>
<p>Nous vous facturons un tarif horaire sportif de CHF 129.- pour nos travaux d&rsquo;entretien et de réparation effectués de manière professionnelle.</p>
<p>Les freins de votre véhicule doivent être remplacés ou la courroie de distribution doit bientôt arriver ?</p>
<p><strong>Pour vous donner une idée approximative des coûts, vous trouverez ici <a href="https://seeberg-garage.ch/wp-content/uploads/2022/08/richtpreise_wartungen_seeberg-garage_FR_2205-3.pdf" target="_blank" rel="noopener">nos prix conseillés sans engagement</a> (PDF) pour les véhicules japonais.</strong></p>
<p>*Cette information concerne les dimensions d&rsquo;usine et diffère selon la marque et le modèle et le choix des pièces de rechange. Ce ne sont que des prix indicatifs sans garantie. Tous les prix hors T.V.A.</p>
<p><img loading="lazy" decoding="async" src="https://seeberg-garage.ch/wp-content/uploads/2020/07/seeberg-garage-7.jpg" alt="" width="660" height="440" /></p>
<p><img loading="lazy" decoding="async" src="https://seeberg-garage.ch/wp-content/uploads/2020/07/seeberg-garage-6.jpg" alt="" width="660" height="440" /></p>
						<h2>Transport (livraison / remorquage)</h2>
			<p>Vous avez acheté une voiture à Berne et vous devez la transporter à Lausanne ? Nous nous chargeons volontiers de la livraison ou de la récupération de votre véhicule à l&rsquo;aide d&rsquo;une remorque.</p>
<p>Nous facturons un forfait de CHF 2.00/km (trajets, livraison et retour à partir de 3365 Seeberg hors TVA)</p>
<p><a href="https://seeberg-garage.ch/fr/prestations-de-service/demande-de-transport/">Pour faire une demande, veuillez remplir <strong>le formulaire approprié</strong> .</a></p>
<p><img loading="lazy" decoding="async" src="https://seeberg-garage.ch/wp-content/uploads/2020/07/seeberg-garage-9.jpg" alt="" width="660" height="440" /></p>
<p><img loading="lazy" decoding="async" src="https://seeberg-garage.ch/wp-content/uploads/2020/07/seeberg-garage-11.jpg" alt="" width="660" height="440" /></p>
						<h2>Voitures de remplacement et de location</h2>
			<p>Si vous n&rsquo;avez pas de voiture à votre disposition le temps de l&rsquo;entretien de votre véhicule, ou si vous avez simplement besoin d&rsquo;une voiture pendant quelques jours pour combler l&rsquo;écart, nous nous ferons un plaisir de mettre à votre disposition notre petite « Honda Jazz » de remplacement et de location. voiture, que nous vous facturerons forfaitairement CHF 40.- / jour (hors TVA, hors carburant). Les kilomètres quotidiens sont gratuits ! <br />Notre voiture de remplacement maniable peut également être louée pour de plus longues périodes. N&rsquo;hésitez pas à nous <a href="https://seeberg-garage.ch/fr/contact/">demander</a> à ce sujet.</p>
<p><img loading="lazy" decoding="async" src="https://seeberg-garage.ch/wp-content/uploads/2020/10/ersatzwagen_photoshop.jpg" alt="" width="660" height="429" /></p>
						<h2>Inspection des véhicules du SAN</h2>
			<p>Toutes les voitures immatriculées avec des plaques d&rsquo;immatriculation en Suisse sont soumises à des contrôles techniques périodiques officiels du SAN (MFK). L&rsquo;autorité compétente en matière d&rsquo;agrément demande aux propriétaires une nouvelle inspection une première fois au bout de 5 ans après la première mise sur le marché, puis au bout de 3 ans puis tous les 2 ans.</p>
<p>Pour nous assurer que votre véhicule passe sans encombre le contrôle technique, nous nous ferons un plaisir de vérifier si votre véhicule présente des défauts pertinents pour le MFK, d&rsquo;effectuer tous les travaux de réparation nécessaires, de montrer votre véhicule au bureau de la circulation routière et, après avoir réussi le test , préparez votre véhicule pour la collecte après l&rsquo;avoir nettoyé.</p>
<p><img loading="lazy" decoding="async" src="https://seeberg-garage.ch/wp-content/uploads/2020/07/dienstleistung_mfk.jpg" alt="" width="660" height="436" /></p>
						<h2>Changement de pneu</h2>
			<p>Les pneus sont le seul contact de votre véhicule avec la route. Surtout avec les voitures de sport japonaises hautes performances, il est important de porter une attention particulière aux pneus.</p>
<p>Il est recommandé de rouler avec des pneus hiver de novembre à fin mars. Changez les pneus hiver dès que la profondeur de la bande de roulement est de 3,5 mm. Un pneu d&rsquo;hiver usé ne collera pas sur les routes mouillées ou enneigées.</p>
<p>Rendez-nous visite en automne ou au printemps pour changer vos pneus saisonniers. Nous en profitons également pour vérifier rapidement l&rsquo;âge et le profil de vos pneus.</p>
<p><img loading="lazy" decoding="async" src="https://seeberg-garage.ch/wp-content/uploads/2020/07/dienstleistung_reifenwechsel3.jpg" alt="" width="660" height="835" /></p>
						<h2>Teinte des vitres</h2>
			<p>Les vitres teintées offrent non seulement une valeur ajoutée esthétique, mais améliorent également considérablement le climat dans le véhicule. Déterminez le degré de teinte et <a href="https://seeberg-garage.ch/fr/contact/">demandez-nous</a> !</p>
<p><img loading="lazy" decoding="async" src="https://seeberg-garage.ch/wp-content/uploads/2020/07/dienstleistung_scheiben-toenen.jpg" alt="" width="660" height="378" /></p>
<p><img loading="lazy" decoding="async" src="https://seeberg-garage.ch/wp-content/uploads/2020/07/dienstleistung_fahrzeugaufbereitung.jpg" alt="" width="660" height="348" /></p>
						<h2>Pare-brise</h2>
			<p>C&rsquo;est arrivé rapidement, mais ne le laissez pas vous dérouter. Nous nous occupons du remplacement de votre pare-brise et gérons tout le nécessaire directement avec votre compagnie d&rsquo;assurance.</p>
						<h2>Nettoyage du véhicule</h2>
			<p>Votre véhicule a besoin d&rsquo;un nettoyage complet ? Nous vous aiderons ici aussi.</p>
<p>Consultez notre <strong><a href="https://seeberg-garage.ch/wp-content/uploads/2022/08/Preisliste-Fahrzeugaufbereitung_FR_2205.pdf" target="_blank" rel="noopener">tarif de nettoyage du véhicule</a></strong> (PDF) et choisissez votre forfait de soins pour votre véhicule ! Du lavage et déminéralisation de la carrosserie du véhicule au polissage d&rsquo;entretien complet, nous prenons en charge toutes les étapes de nettoyage et d&rsquo;entretien de votre véhicule.</p>
<p><img loading="lazy" decoding="async" src="https://seeberg-garage.ch/wp-content/uploads/2020/07/dienstleistung_aufbereitung_nissan-skyline.jpg" alt="" width="660" height="439" /></p>
						<h2>Augmentation de la puissance / Tuning</h2>
			<p>Avez-vous d&rsquo;autres souhaits, idées ou idées? <a href="https://seeberg-garage.ch/fr/contact/">Demandez-nous.</a> Peut-être que votre souhait ou votre idée deviendra bientôt réalité.</p>
<p><img loading="lazy" decoding="async" src="https://seeberg-garage.ch/wp-content/uploads/2020/07/tuning2.jpg" alt="" width="660" height="441" /></p>
<p><img loading="lazy" decoding="async" src="https://seeberg-garage.ch/wp-content/uploads/2020/07/tuning1.jpg" alt="" width="660" height="463" /></p>

<p>Prestations de service L&rsquo;individualité et la flexibilité sont nos avantages en tant que petite entreprise spécialisée. Nous prenons notre temps pour vous dans tous les domaines. Bénéficiez de notre large gamme de services et de notre expérience ! Entretien / Réparation Nous effectuons l&rsquo;entretien sur les véhicules Subaru, Mitsubishi, Honda, Nissan, Toyota et Mazda et,&hellip;</p>
